33. What is g(-11)?
6
Let n(d) = -12374*d + 49492. Give n(4).
-4
Let s(c) = -5*c**2 + 9*c + 557. Calculate s(12).
-55
Let f(p) = 4*p**3 + 33*p**2 + 188*p + 17. Calculate f(-7).
-1054
Let p(k) = 26*k**2 + 441*k + 53. Calculate p(-17).
70
Let a(x) = 119*x - 490. Determine a(4).
-14
Let n(d) = -d**3 + 13*d**2 - 58*d + 83. Determine n(3).
-1
Let d(k) = -504*k - 9070. Determine d(-18).
2
Let q(a) = 7*a**3 + 48*a**2 + 26*a + 219. What is q(-7)?
-12
Let a(c) = -6*c**2 - 461*c + 5236. What is a(11)?
-561
Let t(u) = 8*u**2 - 114*u + 128. Determine t(13).
-2
Let z(x) = -x**2 - 107*x - 2490. Give z(-73).
-8
Let r(h) = h**3 + 24*h**2 - 27*h - 654. Calculate r(-24).
-6
Let d(b) = 2*b**2 + 109*b - 466. What is d(4)?
2
Let t(f) = 1958*f + 148800. Determine t(-76).
-8
Let f(u) = -u**2 - 753*u + 9977. Calculate f(13).
19
Let f(t) = -36*t - 1336. Calculate f(-37).
-4
Let f(v) = 7*v**2 + 131*v - 828. What is f(6)?
210
Let i(o) = -133*o - 600. What is i(-8)?
464
Let i(s) = -3*s**3 + 76*s**2 + 41*s + 289. What is i(26)?
3
Let h(r) = 421*r - 1260. Give h(3).
3
Let d(t) = -2*t**3 + 111*t**2 - 264*t + 39. Calculate d(53).
92
Let y(x) = -3*x**2 - 2*x + 257. Give y(9).
-4
Let q(y) = y**3 + 2*y**2 - 37*y - 11. Calculate q(5).
-21
Let h(l) = 642*l - 3853. What is h(6)?
-1
Let o(y) = y**2 + 16*y + 7. Determine o(-18).
43
Let x(j) = 24*j - 2. What is x(-6)?
-146
Let a(j) = 53*j - 2288. Give a(43).
-9
Let i(r) = -r**3 + 8*r**2 - 7*r + 41. Give i(7).
41
Let l(h) = -37*h - 1679. What is l(-58)?
467
Let h(w) = -1478*w - 65031. Give h(-44).
1
Let i(d) = -15*d - 702. What is i(-57)?
153
Let y(v) = 3*v**2 + 19*v + 29. Calculate y(-2).
3
Let p(s) = -2*s**2 - 86*s + 52. What is p(-40)?
292
Let y(v) = -v**2 - 18*v + 18. Give y(-14).
74
Let x(g) = -g**2 + 52*g - 234. Calculate x(47).
1
Let j(r) = -8*r - 176. Calculate j(-14).
-64
Let g(t) = -52*t**2 - 15*t - 28. Give g(-2).
-206
Let r(g) = -6*g**3 + 54*g**2 + 6*g + 16. Give r(5).
646
Let h(l) = -5*l**2 + 93*l + 128. What is h(20)?
-12
Let n(o) = -9*o**2 + 220*o - 288. Calculate n(23).
11
Let o(h) = 326*h + 19536. What is o(-60)?
-24
Let f(i) = -1916*i + 3826. What is f(2)?
-6
Let a(i) = 33*i + 357. Give a(-8).
93
Let p(f) = -5*f**3 + 320*f + 15. Calculate p(0).
15
Let t(s) = -50*s - 1157. Calculate t(-23).
-7
Let t(x) = 100*x - 345. What is t(8)?
455
Let d(c) = 2*c**2 - 261*c + 1012. What is d(4)?
0
Let o(v) = -494*v - 17779. Calculate o(-36).
5
Let n(p) = -p**2 + 223*p + 19436. What is n(-67)?
6
Let s(j) = -j**2 + 363*j - 1792. What is s(5)?
-2
Let a(t) = 2*t**3 + 27*t**2 + 5*t + 4. Calculate a(-13).
108
Let l(w) = 2*w**3 - 10*w**2 + 13*w + 1. Give l(3).
4
Let n(f) = 17*f**2 - 224*f + 36. Determine n(13).
-3
Let w(z) = -16*z - 551. Determine w(-25).
-151
Let y(d) = d**3 - 169*d**2 + 343*d - 1507. Calculate y(167).
-4
Let n(c) = -476*c + 2274. Calculate n(5).
-106
Let p(t) = t**3 + 5*t**2 + 2*t + 200. Determine p(0).
200
Let m(c) = 2*c**3 - c**2 - 1. Calculate m(2).
11
Let x(k) = -18*k - 977. Calculate x(-56).
31
Let g(p) = -25*p - 338. Give g(-13).
-13
Let g(x) = -4*x**2 - 448*x + 28. Calculate g(-112).
28
Let s(z) = -z**3 + 9*z**2 - 19*z - 2. Determine s(7).
-37
Let t(i) = i**2 + 35*i + 290. Give t(-13).
4
Let h(b) = -2*b**2 + 148*b - 2521. Determine h(26).
-25
Let p(i) = 2*i**3 - 218*i**2 - 3715*i - 642. What is p(124)?
-22
Let f(o) = -2*o**3 + 37*o**2 + 20*o - 8. Calculate f(19).
11
Let z(o) = -334*o + 2336. What is z(7)?
-2
Let k(d) = -3*d**3 + 30*d**2 + 18*d - 84. Give k(4).
276
Let u(p) = 1552*p + 10900. What is u(-7)?
36
Let z(a) = -35*a - 110. Give z(-5).
65
Let p(l) = 12*l**2 + 102*l + 582. Give p(-6).
402
Let f(m) = -18*m - 685. Give f(-43).
89
Let k(d) = -15683*d + 156827. Calculate k(10).
-3
Let v(j) = j**3 - 22*j**2 + 49*j - 357. What is v(22)?
721
Let w(p) = -p**2 + 34*p + 133. Determine w(-3).
22
Let g(m) = 64*m**2 - 877*m + 3. Give g(14).
269
Let h(r) = -r**3 - 25*r**2 - 19*r + 5. Give h(-24).
-115
Let y(h) = 8*h - 267. Give y(34).
5
Let d(p) = -p**2 - 105*p - 580. Determine d(-99).
14
Let q(s) = -1014*s - 77068. Give q(-76).
-4
Let k(a) = 98*a - 907. What is k(7)?
-221
Let u(d) = 7*d**2 - 127*d + 393. What is u(3)?
75
Let g(f) = 2*f**3 - 33*f**2 + 51*f - 32. What is g(15)?
58
Let l(m) = m**3 - 55*m**2 + 301*m - 39. Calculate l(6).
3
Let v(b) = 13*b**2 - 6*b - 4. Calculate v(-2).
60
Let j(g) = 26*g**2 + 110*g + 2. What is j(-2)?
-114
Let i(v) = -3*v**3 + 52*v**2 - 211*v + 231. Calculate i(12).
3
Let c(i) = i**3 + 20*i**2 + 101*i + 230. Determine c(-14).
-8
Let c(i) = -38*i - 95. Calculate c(-4).
57
Let x(v) = -64*v**3 - 253*v**2 + 11*v + 30. Determine x(-4).
34
Let h(p) = p**2 - p - 160. Give h(-13).
22
Let r(d) = -8342*d + 325330. Give r(39).
-8
Let j(x) = 2*x**2 + 43*x - 117. What is j(12)?
687
Let z(o) = -2*o**3 + 169*o**2 + 437*o - 237. Give z(87).
-63
Let c(v) = v**2 - 81*v + 1451. Determine c(28).
-33
Let f(x) = -1000*x**2 + 4997*x + 5. Calculate f(5).
-10
Let y(d) = -19*d**3 - 72*d**2 + 7*d - 39. Give y(-4).
-3
Let n(v) = v**3 - 28*v**2 - 205*v + 47. What is n(34)?
13
Let k(l) = -45*l**2 - 631*l - 10. What is k(-14)?
4
Let v(x) = -10*x**3 - x**2 + 16*x - 26. Calculate v(3).
-257
Let f(s) = 13*s + 604. Give f(-47).
-7
Let s(o) = -7*o - 487. What is s(-64)?
-39
Let f(a) = -117*a - 1766. Give f(-15).
-11
Let f(u) = 94*u - 1789. Calculate f(19).
-3
Let k(o) = o**3 - 59*o + 120. What is k(2)?
10
Let c(q) = 4*q + 456. Give c(-31).
332
Let f(t) = 441*t + 3609. Calculate f(-8).
81
Let j(z) = -4547*z - 172780. What is j(-38)?
6
Let u(l) = -1411*l - 78991. Give u(-56).
25
Let d(v) = v**3 + 10*v**2 - 6*v + 62. Determine d(-9).
197
Let v(c) = -99*c + 262. Give v(3).
-35
Let s(f) = f**3 - 357*f**2 - 1808*f + 48. Calculate s(-5).
38
Let d(z) = -z**2 - 112*z - 2838. Determine d(-75).
-63
Let p(s) = 168*s**3 - 77*s + 75. Determine p(1).
166
Let n(v) = 194*v + 6221. Determine n(-32).
13
Let q(d) = -9*d - 53. Determine q(-18).
109
Let l(u) = -449*u + 52987. What is l(118)?
5
Let y(o) = 28*o**3 - 2*o**2 + 5*o - 1. Calculate y(2).
225
Let y(n) = n**3 + 15*n**2 - 99*n + 12. Calculate y(-20).
-8
Let s(i) = i**3 + 17*i**2 - 2*i + 66. What is s(-17)?
100
Let h(b) = 10*b + 866. What is h(-80)?
66
Let t(r) = -4*r**2 + 117*r + 1728. Give t(-11).
-43
Let k(r) = -20*r**2 + 131*r - 76. Give k(6).
-10
Let o(h) = h**3 - 100*h**2 - 572*h + 4916. What is o(105)?
-19
Let o(w) = -164*w + 169. Calculate o(1).
5
Let k(z) = z**2 - 6*z - 15. Give k(10).
25
Let c(k) = -13*k - 204. Give c(-15).
-9
Let x(g) = g**3 - 6*g**2 + 75*g - 340. Calculate x(5).
10
Let t(x) = -3*x**2 - 105*x - 306. Determine t(-3).
-18
Let o(t) = -10*t - 861. Give o(-65).
-211
Let f(o) = -60*o - 1075. Determine f(-18).
5
Let x(s) = s**2 - 19*s + 112. Calculate x(5).
42
Let l(a) = -8080*a**2 + 72720*a + 1. Determine l(9).
1
Let q(d) = -7*d**3 + 4*d**2 + 21*d + 18. Calculate q(-1).
8
Let p(t) = 6*t**2 + 487*t + 1397. Determine p(-3).
-10
Let c(m) = m**3 - 14*m**2 - 124*m + 93. What is c(20)?
13
Let s(x) = -3*x**2 - 134*x + 315. What is s(-47)?
-14
Let d(u) = 2*u**3 - 6*u**2 - 130*u + 380. What is d(3)?
-10
Let x(s) = 55*s - 132. Determine x(6).
198
Let w(h) = 38*h - 642. Give w(15).
-72
Let m(j) = 2*j**2 + 51*j - 229. Give m(4).
7
Let t(d) = 2*d**3 - 52*d**2 + 211*d - 9. Determine t(5).
-4
Let g(s) = -s**3 - 15*s**2 + 7*s + 19. Determine g(-15).
-86
Let p(b) = -114*b + 23286. Give p(204).
30
Let h(j) = -7*j**3 - 105*j**2 + 3*j + 33. Calculate h(-15).
-12
Let i(r) = 5*r**2 - 10*r - 24. Calculate i(7).
151
Let j(y) = 2391*y - 2325. Determine j(1).
66
Let u(s) = -2*s**3 + 30*s**2 + 49*s + 266. Determine u(17).
-57
Let s(y) = 22*y**2 + 1569*y + 2026. Calculate s(-70).
-4
Let h(z) = 203*z - 342. What is h(6)?
876
Let l(a) = 93*a + 1296. What is l(-14)?
-6
Let y(c) = -10*c**2 + 67*c + 31. Determine y(7).
10
Let c(u) = u**2 - 39*u - 1697. Give c(65).
-7
Let y(i) = -220*i + 40053. Give y(182).
13
Let c(m) = 2*m**2 - 26*m + 39. Calculate c(12).
15
Let g(n) = n**3 - n**2 - 57*n + 18. Calculate g(-7).
25
Let q(r) = -14*r**3 - 9*r**2 + 2*r + 1. Calculate q(2).
-143
Let f(q) = -3*q**3 - 4*q**2 + 16*q - 2. Determine f(-3).
-5
Let j(p) = -8*p**2 - 4*p + 1030. What is j(11)?
18
Let u(d) = -75*d - 3263. Give u(-44).
37
Let t(a) = -58*a**2 + 1329*a + 49. What is t(23)?
-66
Let s(l) = 165*l - 1